{"id":43247,"date":"2020-09-01T13:55:25","date_gmt":"2020-09-01T16:55:25","guid":{"rendered":"http:\/\/acasaladillo.com.ar\/?page_id=43247"},"modified":"2020-09-01T23:08:20","modified_gmt":"2020-09-02T02:08:20","slug":"cespaz","status":"publish","type":"page","link":"https:\/\/acasaladillo.com.ar\/?page_id=43247","title":{"rendered":"CESPAZ"},"content":{"rendered":"\n<figure class=\"wp-block-image size-large\"><img loading=\"lazy\" decoding=\"async\" width=\"150\" height=\"154\" src=\"http:\/\/acasaladillo.com.ar\/wp-content\/uploads\/2018\/03\/beto-e1598978962464.jpg\" alt=\"\" class=\"wp-image-30209\"\/><figcaption>Por Adalberto Ruben Bruno<br><\/figcaption><\/figure>\n\n\n\n<!--more-->\n\n\n\n<p>CES (Coop. El\u00e9ctrica&nbsp; Saladillo) <strong>PAZ<\/strong> (<em>Es la capacidad de los seres humanos de vivir en calma, con una sana convivencia social. Tambi\u00e9n tiene que ver con un adecuado manejo de los conflictos, para no llegar a situaciones m\u00e1s problem\u00e1ticas<\/em>)<\/p>\n\n\n\n<p>Nos pas\u00f3 que falleci\u00f3 nuestro padre Eugenio Alberto Bruno tipo 5 de la madrugada del d\u00eda jueves 26, luego que el m\u00e9dico de cabecera constatara la causal, el doctor Adri\u00e1n Abad\u00edn (subdirector de la Regi\u00f3n Sanitaria X )&nbsp; con todo el trabajo que est\u00e1 realizando con esta maldita pandemia, le puso la <strong>PAZ<\/strong> que necesitamos sin ning\u00fan, no puedo\u2026.estoy&nbsp; ocupado\u2026, no estoy es Saladillo, sin embargo\u2026, pudo&#8230;, Gracias Doctor y amigo!!<\/p>\n\n\n\n<p>Tambi\u00e9n le pusieron <strong>PAZ<\/strong> , los chicos de la funeraria, que fueron enseguida a buscar&nbsp; el cuerpo<\/p>\n\n\n\n<p>Decidimos con mi hermana a la lejan\u00eda, ella en La Plata, que no hubiera velatorio, que fuera directo a su morada en la localidad de Del Carril. &nbsp;Tipo 9 de la ma\u00f1ana ya estaba todo listo para salir\u2026, el responso lo hacen ac\u00e1? &nbsp;o pueden hacerlo all\u00e1, preguntaron en la oficina, \u201clo hacemos all\u00e1\u201d<\/p>\n\n\n\n<p>&nbsp;Peeeero\u2026no se pod\u00edan comunicar con el encargado del cementerio de Del Carril\u2026.\u201dandan mal las comunicaciones..\u201d raro no?, bueno esperemos\u2026, le digo a la secretaria: &nbsp;podemos ir mientras tanto\u2026?, tel\u00e9fono.., iba\u2026 , venia\u2026,\u201d no no, no, lo que pas\u00f3 que al no podernos comunicarnos le dieron franco a la ma\u00f1ana , ahora hay que esperar el turno de la tarde2\u2026 \u00bf?, \u201cd\u00e9jeme un tel. y le avisaremos &nbsp;bien el horario\u2026&nbsp; <strong>PAZ<\/strong>? ya no hay.<\/p>\n\n\n\n<p>14:15 Salimos, nos avisan\u2026<\/p>\n\n\n\n<p>Fuimos 8 personas , familiares directos y no directos,<\/p>\n\n\n\n<p>Chofer: \u201cbueno atr\u00e1s del coche f\u00fanebre pueden poner\u00a0 los autos\u2026 \u201c Yo: \u201cy el auto para los familiares directos?\u201d NO no, por el protocolo no se ponen autos, porque no podemos tener contacto, el chofer y el resto.<\/p>\n\n\n\n<p>&nbsp;<strong>PAZ<\/strong>? &nbsp;Uffff, ustedes. no tienen auto? pregunta, conteste con un rotundo, NO! o si.., mi auto,&nbsp; que van ellos los familiares no directos. &nbsp;Insisto\u2026, no pueden contratar un remis? &nbsp;\u201cNo por el protocolo no permite\u201d, ya ese momento la <strong>PAZ<\/strong> de CES<strong>PAZ<\/strong>&nbsp; iba en aumento.<\/p>\n\n\n\n<p>Decimos ir nosotros solo, los familiares directos.<\/p>\n\n\n\n<p>Llegamos\u2026, le comento al encargado del cementerio que desde esta ma\u00f1ana que andamos a las vuelta, no s\u00e9 lo que pas\u00f3\u2026, \u201cNo resulta que yo de ma\u00f1ana estoy en puesto de entrada haciendo control y ac\u00e1 no hay nadie&#8230; <strong>PAZ<\/strong>&nbsp; \u00bf? No dije nada porque el hombre, quiero creer que es mandado&#8230;, aparte buena atenci\u00f3n en ese momento.<\/p>\n\n\n\n<p>\u2026el responso?, hab\u00eda cinco personas incluso el delegado, pero no vi a nadie con \u201cpinta\u201d de tener algo en la mano porque no cualquiera podemos hacer un responso, esta labor corresponde a los sacerdotes, di\u00e1conos o ministros autorizados por la iglesia y el objetivo del responso es ofrecer apoyo y consuelo a la familia del difunto en los momentos m\u00e1s duros&#8230;, <strong>PAZ<\/strong>\u2026<\/p>\n\n\n\n<p>Quiero aclarar y a la vez preguntar, supongamos que una familia no tiene auto, como va detr\u00e1s del coche f\u00fanebre? CES<strong>PAZ<\/strong> est\u00e1 haciendo un descuento el cobro del sepelio? Nuestro padre aport\u00f3 durante a\u00f1os y a\u00f1os para que todo fuera con <strong>PAZ<\/strong> &nbsp;(para no llegar a situaciones m\u00e1s problem\u00e1ticas) tuvo y tuvimos de todo, menos <strong>PAZ<\/strong>..<\/p>\n\n\n\n<p>Tambi\u00e9n es parte del protocolo?, nuestro padre no era un NN<\/p>\n\n\n\n<figure class=\"wp-block-image size-large\"><img loading=\"lazy\" decoding=\"async\" width=\"400\" height=\"322\" src=\"http:\/\/acasaladillo.com.ar\/wp-content\/uploads\/2020\/09\/4dbd4769-3aad-403f-8dd5-15501626986c-e1598979066289.jpg\" alt=\"\" class=\"wp-image-43248\"\/><\/figure>\n\n\n\n<p>Pd. Quiero aclarar que tanto los chicos que fueron&nbsp; a buscar&nbsp; el cuerpo , el chofer, el encargado del cementerio cumplieron con su trabajo, nada que decir de&nbsp; ellos.<\/p>\n\n\n\n<p>Adalberto \u201cBeto\u201d Bruno<\/p>\n\n\n\n<p>DNI 11.830.458<\/p>\n","protected":false},"excerpt":{"rendered":"<p class=\"more-link-p\"><a class=\"more-link\" href=\"https:\/\/acasaladillo.com.ar\/?page_id=43247\">Read more &rarr;<\/a><\/p>\n","protected":false},"author":3,"featured_media":43248,"parent":0,"menu_order":0,"comment_status":"closed","ping_status":"closed","template":"","meta":{"_monsterinsights_skip_tracking":false,"footnotes":""},"class_list":["post-43247","page","type-page","status-publish","has-post-thumbnail","hentry"],"aioseo_notices":[],"_links":{"self":[{"href":"https:\/\/acasaladillo.com.ar\/index.php?rest_route=\/wp\/v2\/pages\/43247","targetHints":{"allow":["GET"]}}],"collection":[{"href":"https:\/\/acasaladillo.com.ar\/index.php?rest_route=\/wp\/v2\/pages"}],"about":[{"href":"https:\/\/acasaladillo.com.ar\/index.php?rest_route=\/wp\/v2\/types\/page"}],"author":[{"embeddable":true,"href":"https:\/\/acasaladillo.com.ar\/index.php?rest_route=\/wp\/v2\/users\/3"}],"replies":[{"embeddable":true,"href":"https:\/\/acasaladillo.com.ar\/index.php?rest_route=%2Fwp%2Fv2%2Fcomments&post=43247"}],"version-history":[{"count":3,"href":"https:\/\/acasaladillo.com.ar\/index.php?rest_route=\/wp\/v2\/pages\/43247\/revisions"}],"predecessor-version":[{"id":43269,"href":"https:\/\/acasaladillo.com.ar\/index.php?rest_route=\/wp\/v2\/pages\/43247\/revisions\/43269"}],"wp:featuredmedia":[{"embeddable":true,"href":"https:\/\/acasaladillo.com.ar\/index.php?rest_route=\/wp\/v2\/media\/43248"}],"wp:attachment":[{"href":"https:\/\/acasaladillo.com.ar\/index.php?rest_route=%2Fwp%2Fv2%2Fmedia&parent=43247"}],"curies":[{"name":"wp","href":"https:\/\/api.w.org\/{rel}","templated":true}]}}

<figure class="wp-block-image size-large"><img loading="lazy" decoding="async" width="150" height="154" src="http://acasaladillo.com.ar/wp-content/uploads/2018/03/beto-e1598978962464.jpg" alt="" class="wp-image-30209"/><figcaption>Por Adalberto Ruben Bruno<br></figcaption></figure>



<!--more-->



<p>CES (Coop. Eléctrica&nbsp; Saladillo) <strong>PAZ</strong> (<em>Es la capacidad de los seres humanos de vivir en calma, con una sana convivencia social. También tiene que ver con un adecuado manejo de los conflictos, para no llegar a situaciones más problemáticas</em>)</p>



<p>Nos pasó que falleció nuestro padre Eugenio Alberto Bruno tipo 5 de la madrugada del día jueves 26, luego que el médico de cabecera constatara la causal, el doctor Adrián Abadín (subdirector de la Región Sanitaria X )&nbsp; con todo el trabajo que está realizando con esta maldita pandemia, le puso la <strong>PAZ</strong> que necesitamos sin ningún, no puedo….estoy&nbsp; ocupado…, no estoy es Saladillo, sin embargo…, pudo&#8230;, Gracias Doctor y amigo!!</p>



<p>También le pusieron <strong>PAZ</strong> , los chicos de la funeraria, que fueron enseguida a buscar&nbsp; el cuerpo</p>



<p>Decidimos con mi hermana a la lejanía, ella en La Plata, que no hubiera velatorio, que fuera directo a su morada en la localidad de Del Carril. &nbsp;Tipo 9 de la mañana ya estaba todo listo para salir…, el responso lo hacen acá? &nbsp;o pueden hacerlo allá, preguntaron en la oficina, “lo hacemos allá”</p>



<p>&nbsp;Peeeero…no se podían comunicar con el encargado del cementerio de Del Carril….”andan mal las comunicaciones..” raro no?, bueno esperemos…, le digo a la secretaria: &nbsp;podemos ir mientras tanto…?, teléfono.., iba… , venia…,” no no, no, lo que pasó que al no podernos comunicarnos le dieron franco a la mañana , ahora hay que esperar el turno de la tarde2… ¿?, “déjeme un tel. y le avisaremos &nbsp;bien el horario…&nbsp; <strong>PAZ</strong>? ya no hay.</p>



<p>14:15 Salimos, nos avisan…</p>



<p>Fuimos 8 personas , familiares directos y no directos,</p>



<p>Chofer: “bueno atrás del coche fúnebre pueden poner  los autos… “ Yo: “y el auto para los familiares directos?” NO no, por el protocolo no se ponen autos, porque no podemos tener contacto, el chofer y el resto.</p>



<p>&nbsp;<strong>PAZ</strong>? &nbsp;Uffff, ustedes. no tienen auto? pregunta, conteste con un rotundo, NO! o si.., mi auto,&nbsp; que van ellos los familiares no directos. &nbsp;Insisto…, no pueden contratar un remis? &nbsp;“No por el protocolo no permite”, ya ese momento la <strong>PAZ</strong> de CES<strong>PAZ</strong>&nbsp; iba en aumento.</p>



<p>Decimos ir nosotros solo, los familiares directos.</p>



<p>Llegamos…, le comento al encargado del cementerio que desde esta mañana que andamos a las vuelta, no sé lo que pasó…, “No resulta que yo de mañana estoy en puesto de entrada haciendo control y acá no hay nadie&#8230; <strong>PAZ</strong>&nbsp; ¿? No dije nada porque el hombre, quiero creer que es mandado&#8230;, aparte buena atención en ese momento.</p>



<p>…el responso?, había cinco personas incluso el delegado, pero no vi a nadie con “pinta” de tener algo en la mano porque no cualquiera podemos hacer un responso, esta labor corresponde a los sacerdotes, diáconos o ministros autorizados por la iglesia y el objetivo del responso es ofrecer apoyo y consuelo a la familia del difunto en los momentos más duros&#8230;, <strong>PAZ</strong>…</p>



<p>Quiero aclarar y a la vez preguntar, supongamos que una familia no tiene auto, como va detrás del coche fúnebre? CES<strong>PAZ</strong> está haciendo un descuento el cobro del sepelio? Nuestro padre aportó durante años y años para que todo fuera con <strong>PAZ</strong> &nbsp;(para no llegar a situaciones más problemáticas) tuvo y tuvimos de todo, menos <strong>PAZ</strong>..</p>



<p>También es parte del protocolo?, nuestro padre no era un NN</p>



<figure class="wp-block-image size-large"><img loading="lazy" decoding="async" width="400" height="322" src="http://acasaladillo.com.ar/wp-content/uploads/2020/09/4dbd4769-3aad-403f-8dd5-15501626986c-e1598979066289.jpg" alt="" class="wp-image-43248"/></figure>



<p>Pd. Quiero aclarar que tanto los chicos que fueron&nbsp; a buscar&nbsp; el cuerpo , el chofer, el encargado del cementerio cumplieron con su trabajo, nada que decir de&nbsp; ellos.</p>



<p>Adalberto “Beto” Bruno</p>



<p>DNI 11.830.458</p>
