{"id":42030,"date":"2020-06-07T18:57:16","date_gmt":"2020-06-07T21:57:16","guid":{"rendered":"http:\/\/acasaladillo.com.ar\/?page_id=42030"},"modified":"2020-06-07T18:57:18","modified_gmt":"2020-06-07T21:57:18","slug":"con-todo-respeto","status":"publish","type":"page","link":"https:\/\/acasaladillo.com.ar\/?page_id=42030","title":{"rendered":"Con todo respeto"},"content":{"rendered":"\n<div class=\"wp-block-image\"><figure class=\"alignleft size-large\"><img loading=\"lazy\" decoding=\"async\" width=\"145\" height=\"113\" src=\"http:\/\/acasaladillo.com.ar\/wp-content\/uploads\/2020\/06\/1591501312-e1591566690254.jpeg\" alt=\"\" class=\"wp-image-42031\"\/><figcaption><br><br><br><\/figcaption><\/figure><\/div>\n\n\n\n<p><\/p>\n\n\n\n<p><em>Por Daniel Alfonso Massa<\/em><\/p>\n\n\n\n<!--more-->\n\n\n\n<p><\/p>\n\n\n\n<p>En declaraciones a un medio local (noticiero de TV Centro), el Sr.Repetto (Sociedad Rural-C\u00e1mara de Comercio), con palabras cercanas a: \u201cestos muchachos est\u00e1n locos\u201d, se quej\u00f3 de los mayores controles para la compra de d\u00f3lares. Debo aclararle que gracias a estas medidas, el Banco Central pudo comprar u$s 500 millones, despu\u00e9s de 14 d\u00edas que perd\u00eda reservas. Los empresarios por intermedio de las UIA, tambi\u00e9n hicieron llegar sus quejas, alegando que necesitaban d\u00f3lares para pagar el anticipo de lo que iban a importar, pero tambi\u00e9n para pagar a los que lo hab\u00edan financiado en el a\u00f1o 2019 (como Ud. sabr\u00e1, la quieren toda), esto les permitir\u00eda guardar reservas para una emergencia futura (\u00bf??)\u2026perd\u00f3n\u2026\u00bfhay emergencia m\u00e1s grande que la que estamos viviendo?, por lo que el Estado les dijo: si tienen o fugaron d\u00f3lares que compraron en esta administraci\u00f3n o la anterior, p\u00f3ngalo Uds. de sus reservas, no me pidan a m\u00ed. No hay ninguna restricci\u00f3n para importar, y lo que hay que tener en cuenta que el BCRA administra un recurso escaso y en estos d\u00edas tiene que cerrar un acuerdo con los acreedores, no ser\u00e1 esta una medida que se extienda en el tiempo.<br>En el mismo reportaje Ud. reclam\u00f3 porque no le hab\u00edan pagado a los m\u00e9dicos y por una inminente suba de las retenciones. Sin ninguna duda, el Gobierno Nacional (Fernandez-Fernandez) ha tomado medidas de ayuda para muchos sectores: ATP (asistencia de Emergencia para el trabajo y la producci\u00f3n), IFE (Ingreso Familiar de Emergencia), pago extra AUH y AUE, bono para jubilados y pensionados, bono para perceptores de planes sociales. Posiblemente en algunos casos resulte insuficiente y no haya llegado a todos, como en el caso de los m\u00e9dicos. El aumento de las retenciones ser\u00eda una buena herramienta para recaudar y poder cumplir con lo adeudado.<br>Seria reiterativo describir en las condiciones que dejaron el Pa\u00eds y en consecuencia la Provincia de Bs.AS. , solamente recordar que: degradaron el Ministerio de Salud a Secretaria, dejaron vencer vacunas para el sarampi\u00f3n en un conteiner, abandonaron ambulancias que no pagaron, no construyeron ni quisieron terminar, un solo Hospital y como si fuera poco dejaron una deuda impagable, por monto y cercan\u00edas de vencimiento, y la verdad no lo vi ni a Ud., ni a las instituciones que representa, indignadas.<br>Por \u00faltimo, le\u00ed, que hab\u00eda perdido a\u00f1os de vida por la vuelta de Cristina al gobierno, quiero disculparme, por ser uno de los que le produje semejante disgusto.<br>DANIEL ALFONSO MASSA<br>Dni 11.821.755<\/p>\n","protected":false},"excerpt":{"rendered":"<p>Por Daniel Alfonso Massa<\/p>\n<p class=\"more-link-p\"><a class=\"more-link\" href=\"https:\/\/acasaladillo.com.ar\/?page_id=42030\">Read more &rarr;<\/a><\/p>\n","protected":false},"author":3,"featured_media":42031,"parent":0,"menu_order":0,"comment_status":"closed","ping_status":"closed","template":"","meta":{"_monsterinsights_skip_tracking":false,"footnotes":""},"class_list":["post-42030","page","type-page","status-publish","has-post-thumbnail","hentry"],"aioseo_notices":[],"_links":{"self":[{"href":"https:\/\/acasaladillo.com.ar\/index.php?rest_route=\/wp\/v2\/pages\/42030","targetHints":{"allow":["GET"]}}],"collection":[{"href":"https:\/\/acasaladillo.com.ar\/index.php?rest_route=\/wp\/v2\/pages"}],"about":[{"href":"https:\/\/acasaladillo.com.ar\/index.php?rest_route=\/wp\/v2\/types\/page"}],"author":[{"embeddable":true,"href":"https:\/\/acasaladillo.com.ar\/index.php?rest_route=\/wp\/v2\/users\/3"}],"replies":[{"embeddable":true,"href":"https:\/\/acasaladillo.com.ar\/index.php?rest_route=%2Fwp%2Fv2%2Fcomments&post=42030"}],"version-history":[{"count":1,"href":"https:\/\/acasaladillo.com.ar\/index.php?rest_route=\/wp\/v2\/pages\/42030\/revisions"}],"predecessor-version":[{"id":42032,"href":"https:\/\/acasaladillo.com.ar\/index.php?rest_route=\/wp\/v2\/pages\/42030\/revisions\/42032"}],"wp:featuredmedia":[{"embeddable":true,"href":"https:\/\/acasaladillo.com.ar\/index.php?rest_route=\/wp\/v2\/media\/42031"}],"wp:attachment":[{"href":"https:\/\/acasaladillo.com.ar\/index.php?rest_route=%2Fwp%2Fv2%2Fmedia&parent=42030"}],"curies":[{"name":"wp","href":"https:\/\/api.w.org\/{rel}","templated":true}]}}

<div class="wp-block-image"><figure class="alignleft size-large"><img loading="lazy" decoding="async" width="145" height="113" src="http://acasaladillo.com.ar/wp-content/uploads/2020/06/1591501312-e1591566690254.jpeg" alt="" class="wp-image-42031"/><figcaption><br><br><br></figcaption></figure></div>



<p></p>



<p><em>Por Daniel Alfonso Massa</em></p>



<!--more-->



<p></p>



<p>En declaraciones a un medio local (noticiero de TV Centro), el Sr.Repetto (Sociedad Rural-Cámara de Comercio), con palabras cercanas a: “estos muchachos están locos”, se quejó de los mayores controles para la compra de dólares. Debo aclararle que gracias a estas medidas, el Banco Central pudo comprar u$s 500 millones, después de 14 días que perdía reservas. Los empresarios por intermedio de las UIA, también hicieron llegar sus quejas, alegando que necesitaban dólares para pagar el anticipo de lo que iban a importar, pero también para pagar a los que lo habían financiado en el año 2019 (como Ud. sabrá, la quieren toda), esto les permitiría guardar reservas para una emergencia futura (¿??)…perdón…¿hay emergencia más grande que la que estamos viviendo?, por lo que el Estado les dijo: si tienen o fugaron dólares que compraron en esta administración o la anterior, póngalo Uds. de sus reservas, no me pidan a mí. No hay ninguna restricción para importar, y lo que hay que tener en cuenta que el BCRA administra un recurso escaso y en estos días tiene que cerrar un acuerdo con los acreedores, no será esta una medida que se extienda en el tiempo.<br>En el mismo reportaje Ud. reclamó porque no le habían pagado a los médicos y por una inminente suba de las retenciones. Sin ninguna duda, el Gobierno Nacional (Fernandez-Fernandez) ha tomado medidas de ayuda para muchos sectores: ATP (asistencia de Emergencia para el trabajo y la producción), IFE (Ingreso Familiar de Emergencia), pago extra AUH y AUE, bono para jubilados y pensionados, bono para perceptores de planes sociales. Posiblemente en algunos casos resulte insuficiente y no haya llegado a todos, como en el caso de los médicos. El aumento de las retenciones sería una buena herramienta para recaudar y poder cumplir con lo adeudado.<br>Seria reiterativo describir en las condiciones que dejaron el País y en consecuencia la Provincia de Bs.AS. , solamente recordar que: degradaron el Ministerio de Salud a Secretaria, dejaron vencer vacunas para el sarampión en un conteiner, abandonaron ambulancias que no pagaron, no construyeron ni quisieron terminar, un solo Hospital y como si fuera poco dejaron una deuda impagable, por monto y cercanías de vencimiento, y la verdad no lo vi ni a Ud., ni a las instituciones que representa, indignadas.<br>Por último, leí, que había perdido años de vida por la vuelta de Cristina al gobierno, quiero disculparme, por ser uno de los que le produje semejante disgusto.<br>DANIEL ALFONSO MASSA<br>Dni 11.821.755</p>
