{"id":2107,"date":"2014-12-07T18:43:45","date_gmt":"2014-12-07T21:43:45","guid":{"rendered":"http:\/\/acasaladillo.com.ar\/?page_id=2107"},"modified":"2024-08-18T08:49:07","modified_gmt":"2024-08-18T11:49:07","slug":"alejandro-armendariz","status":"publish","type":"page","link":"https:\/\/acasaladillo.com.ar\/?page_id=2107","title":{"rendered":"Alejandro Armendariz"},"content":{"rendered":"<p><img loading=\"lazy\" decoding=\"async\" class=\"size-full wp-image-60575 alignleft\" src=\"https:\/\/acasaladillo.com.ar\/wp-content\/uploads\/2024\/08\/alejandro-armendariz.jpg\" alt=\"\" width=\"195\" height=\"258\" data-id=\"60575\" srcset=\"https:\/\/acasaladillo.com.ar\/wp-content\/uploads\/2024\/08\/alejandro-armendariz.jpg 195w, https:\/\/acasaladillo.com.ar\/wp-content\/uploads\/2024\/08\/alejandro-armendariz-160x212.jpg 160w\" sizes=\"auto, (max-width: 195px) 100vw, 195px\" \/><\/p>\n<p style=\"text-align: justify;\">Nacido en Saladillo el 5 de junio de 1923, Alejandro Armend\u00e1riz hizo su escuela primaria en la Escuela N\u00ba1 de esa localidad y su secundaria en el Colegio San Jos\u00e9 de Buenos Aires, donde en 1941 se recibi\u00f3 de bachiller ingresando a la Facultad de Medicina de la UBA. Tras practicar en los hospitales Penna y Juan Fern\u00e1ndez, en 1949 obtuvo el t\u00edtulo de m\u00e9dico y pas\u00f3 a trabajar en el Hospital Posadas. Mientras tanto, su militancia pol\u00edtica, que hab\u00eda comenzado a los 18 a\u00f1os \u2013 \u201ctit\u00e1n\u201d para los amigos- era hijo de un militante radical y a\u00fan llevaba la impresi\u00f3n causada por el golpe de 1930-,\u00a0 lo llev\u00f3 en 1951 a ser Vicepresidente de la UCR local, siendo luego concejal hasta que la intervenci\u00f3n del Gobernador Alo\u00e9 a la comuna lo hizo cesar. Enrol\u00e1ndose en la UCR del Pueblo perdi\u00f3 por muy poco la elecci\u00f3n a Intendente y en 1963 fue elegido Primer Concejal. Dos a\u00f1os m\u00e1s tarde entr\u00f3 como diputado provincial. En 1971 conoci\u00f3 a Ricardo Alfons\u00edn con el que fund\u00f3 el Movimiento de Renovaci\u00f3n y Cambio. El 30 de octubre de 1983, el Radicalismo triunf\u00f3 en las elecciones nacionales y, a la vez, gan\u00f3 la Provincia de Buenos Aires venciendo la f\u00f3rmula Armend\u00e1riz \u2013 Elva\u00a0 P. Barreiro de Roulet a la\u00a0 justicialista Herminio Iglesias- Jos\u00e9 Amerise. Desde el 11 de diciembre de 1983 al 10 de diciembre de 1984 fue el primer gobernador de la democracia restablecida y, hasta la fecha, el \u00faltimo gobernador radical de la provincia. Pas\u00f3 a actuar como normalizador del PAMI y entre 1991 y 1995 fue diputado nacional y convencional nacional. En abril de 2004 sufri\u00f3 un accidente dom\u00e9stico que lo dej\u00f3 cuadripl\u00e9jico, falleciendo en Saladillo el 7 de agosto de 2005<\/p>\n","protected":false},"excerpt":{"rendered":"<p>Nacido en Saladillo el 5 de junio de 1923, Alejandro Armend\u00e1riz hizo su escuela primaria en la Escuela N\u00ba1 de esa localidad y su secundaria en el Colegio San Jos\u00e9 de Buenos Aires, donde en 1941 se recibi\u00f3 de bachiller&hellip;<\/p>\n<p class=\"more-link-p\"><a class=\"more-link\" href=\"https:\/\/acasaladillo.com.ar\/?page_id=2107\">Read more &rarr;<\/a><\/p>\n","protected":false},"author":3,"featured_media":0,"parent":0,"menu_order":0,"comment_status":"closed","ping_status":"open","template":"","meta":{"_monsterinsights_skip_tracking":false,"footnotes":""},"class_list":["post-2107","page","type-page","status-publish","hentry"],"aioseo_notices":[],"_links":{"self":[{"href":"https:\/\/acasaladillo.com.ar\/index.php?rest_route=\/wp\/v2\/pages\/2107","targetHints":{"allow":["GET"]}}],"collection":[{"href":"https:\/\/acasaladillo.com.ar\/index.php?rest_route=\/wp\/v2\/pages"}],"about":[{"href":"https:\/\/acasaladillo.com.ar\/index.php?rest_route=\/wp\/v2\/types\/page"}],"author":[{"embeddable":true,"href":"https:\/\/acasaladillo.com.ar\/index.php?rest_route=\/wp\/v2\/users\/3"}],"replies":[{"embeddable":true,"href":"https:\/\/acasaladillo.com.ar\/index.php?rest_route=%2Fwp%2Fv2%2Fcomments&post=2107"}],"version-history":[{"count":2,"href":"https:\/\/acasaladillo.com.ar\/index.php?rest_route=\/wp\/v2\/pages\/2107\/revisions"}],"predecessor-version":[{"id":60580,"href":"https:\/\/acasaladillo.com.ar\/index.php?rest_route=\/wp\/v2\/pages\/2107\/revisions\/60580"}],"wp:attachment":[{"href":"https:\/\/acasaladillo.com.ar\/index.php?rest_route=%2Fwp%2Fv2%2Fmedia&parent=2107"}],"curies":[{"name":"wp","href":"https:\/\/api.w.org\/{rel}","templated":true}]}}

<p><img loading="lazy" decoding="async" class="size-full wp-image-60575 alignleft" src="https://acasaladillo.com.ar/wp-content/uploads/2024/08/alejandro-armendariz.jpg" alt="" width="195" height="258" data-id="60575" srcset="https://acasaladillo.com.ar/wp-content/uploads/2024/08/alejandro-armendariz.jpg 195w, https://acasaladillo.com.ar/wp-content/uploads/2024/08/alejandro-armendariz-160x212.jpg 160w" sizes="auto, (max-width: 195px) 100vw, 195px" /></p>
<p style="text-align: justify;">Nacido en Saladillo el 5 de junio de 1923, Alejandro Armendáriz hizo su escuela primaria en la Escuela Nº1 de esa localidad y su secundaria en el Colegio San José de Buenos Aires, donde en 1941 se recibió de bachiller ingresando a la Facultad de Medicina de la UBA. Tras practicar en los hospitales Penna y Juan Fernández, en 1949 obtuvo el título de médico y pasó a trabajar en el Hospital Posadas. Mientras tanto, su militancia política, que había comenzado a los 18 años – “titán” para los amigos- era hijo de un militante radical y aún llevaba la impresión causada por el golpe de 1930-,  lo llevó en 1951 a ser Vicepresidente de la UCR local, siendo luego concejal hasta que la intervención del Gobernador Aloé a la comuna lo hizo cesar. Enrolándose en la UCR del Pueblo perdió por muy poco la elección a Intendente y en 1963 fue elegido Primer Concejal. Dos años más tarde entró como diputado provincial. En 1971 conoció a Ricardo Alfonsín con el que fundó el Movimiento de Renovación y Cambio. El 30 de octubre de 1983, el Radicalismo triunfó en las elecciones nacionales y, a la vez, ganó la Provincia de Buenos Aires venciendo la fórmula Armendáriz – Elva  P. Barreiro de Roulet a la  justicialista Herminio Iglesias- José Amerise. Desde el 11 de diciembre de 1983 al 10 de diciembre de 1984 fue el primer gobernador de la democracia restablecida y, hasta la fecha, el último gobernador radical de la provincia. Pasó a actuar como normalizador del PAMI y entre 1991 y 1995 fue diputado nacional y convencional nacional. En abril de 2004 sufrió un accidente doméstico que lo dejó cuadripléjico, falleciendo en Saladillo el 7 de agosto de 2005</p>

<p>Nacido en Saladillo el 5 de junio de 1923, Alejandro Armendáriz hizo su escuela primaria en la Escuela Nº1 de esa localidad y su secundaria en el Colegio San José de Buenos Aires, donde en 1941 se recibió de bachiller&hellip;</p>
<p class="more-link-p"><a class="more-link" href="https://acasaladillo.com.ar/?page_id=2107">Read more &rarr;</a></p>
