{"id":14388,"date":"2016-06-17T18:20:00","date_gmt":"2016-06-17T21:20:00","guid":{"rendered":"http:\/\/acasaladillo.com.ar\/?page_id=14388"},"modified":"2016-07-05T17:14:00","modified_gmt":"2016-07-05T20:14:00","slug":"pbro-antonio-gradoazo","status":"publish","type":"page","link":"https:\/\/acasaladillo.com.ar\/?page_id=14388","title":{"rendered":"Pbro. Antonio Gradoazo"},"content":{"rendered":"<p><a href=\"http:\/\/acasaladillo.com.ar\/wp-content\/uploads\/2016\/06\/padrre-antonio.jpg\"><img loading=\"lazy\" decoding=\"async\" class=\"alignnone size-full wp-image-14389\" src=\"http:\/\/acasaladillo.com.ar\/wp-content\/uploads\/2016\/06\/padrre-antonio.jpg\" alt=\"padrre antonio\" width=\"120\" height=\"158\" data-id=\"14389\" \/><\/a><\/p>\n<p><!--more-->Antonio Gradoazzo naci\u00f3 en 25 de Mayo, pero fue durante mas de cincuenta a\u00f1os \u00a0p\u00e1rroco en la Iglesia Nuestra Se\u00f1ora de la Asunci\u00f3n de Saladillo. Ordenado sacerdote en 1954, es el cura p\u00e1rroco de Saladillo desde el 8 de abril de 1961. Casi toda su vida pastoral dedicada a la atenci\u00f3n de los fieles de Saladillo. Fue declarado Ciudadano Ilustre el 31 de julio de 1994.<\/p>\n<p>( transcripci\u00f3n de la publicaci\u00f3n\u00bbUn pueblo, una fe, un pastor. Saladillo, el cristianismo, el padre Antonio\u00bb, editado en enero de 2005 por la Comisi\u00f3n Econ\u00f3mica Parroquial de la Parroquia Nuestra Se\u00f1ora de la Asunci\u00f3n de Saladillo)<\/p>\n<p>Hijo de Antonio Gradoazo y Francisca Trezza, naci\u00f3 en 25 de Mayo el 10 de junio de 1930. Curs\u00f3 los estudios primarios en la Escuela N\u00ba 4, de ese distrito. Siendo un adolescente, el 13 de marzo de 1943 ingres\u00f3 en el Seminario menor. A los dieciocho a\u00f1os hizo su entrada en el Seminario Mayor. El 18 de septiembre de 1954, en el pueblo que lo vio nacer recibi\u00f3 el sacramento del Orden Sagrado. Su alegr\u00eda se irradi\u00f3 entre los presentes. El Se\u00f1or lo hab\u00eda llamado por su nombre, \u00e9l con mucho gozo y fe estuvo dispuesto a cumplir su voluntad.<br \/>\nSu primer destino fue Azul y desde el 8 de abril de 1961 est\u00e1 en Saladillo.<br \/>\nAqu\u00ed en nuestro pueblo vive su sacerdocio con la certeza que \u00e9ste \u00abuno de los medios por los cuales Cristo no cesa de constuir y conducir a su Iglesia\u00bb.<br \/>\n\u00abEn el servicio eclesial del ministerio ordenado es Cristo mismo quien est\u00e1 presente en su Iglesia como cabeza de su cuerpo, pastor de su reba\u00f1o, sumo sacerdote del sacrificio redentor, Maestro de la humanidad. \u00abEsta funci\u00f3n que el Se\u00f1or confi\u00f3 a los pastores de su pueblo, es un verdadero servicio.\u00bb<br \/>\nEl padre Antonio es generoso en su entrega, por ello todos gozamos de los beneficios de un pastoreo que nos acerca cada d\u00eda m\u00e1s a Cristo, nos permite conocer mejor al Padre y nos ayuda a descubrir los dones del Esp\u00edritu. Por todo esto la feligres\u00eda de Saladillo ha tratado de demostrar cuanto lo quiere, al celebrar sus bodas de oro sacerdotales.<br \/>\nEn su larga y fecunda trayectoria como cura p\u00e1rroco hubieron muchas realizaciones. A continuaci\u00f3n presentaremos, sint\u00e9ticamente, las capillas y actividades que se realizan en ellas actualmente.<br \/>\nLas capillas han sido creadas en respuesta a una necesidad de encuentro con los hermanos, para orar juntos, alabar, darle gracias y peticionar al Dios, Uno y Trino. Las precedieron oratorios y ermitas privadas en distintas estancias de nuestro sector rural y la capilla del Colegio \u00abEl Ni\u00f1o Jes\u00fas\u00bb.<\/p>\n<p>Capillas existentes a la llegada del padre Antonio:<br \/>\nNi\u00f1o Jes\u00fas, Madre Pur\u00edsima (Parroquia de Del Carril), Luj\u00e1n (Alvarez de Toledo) y F\u00e1tima.<\/p>\n<p>Capillas creadas durante el curato del padre Antonio:<br \/>\nEl Carmen (16\/07\/61); San Antonio (13\/08\/61); Santa Cruz de La Barrancosa (1963); San Jos\u00e9 de El Mangrullo; Sagrada Familia de Reynoso (1970); Nuestra Se\u00f1ora del Perpetuo Socorro de Polvaredas (1973); Maria Inmaculada (1982); Nuestra Se\u00f1ora de Lourdes (1988); San Jos\u00e9 (30\/08\/92); Nuestra Se\u00f1ora de Luj\u00e1n (31\/07\/97); San Cayetano (30\/04\/00); San Vicente (01\/10\/00); Cristo Rey (2000).<\/p>\n<p>Centros:<br \/>\nSanta Rita (1965); San Isidro Labrador (1988); Santa Catalina de Alejandr\u00eda (1988)<\/p>\n<p><strong>Su fallecimiento:<\/strong> El martes 4 de noviembre de 2014 a las 18.30 horas falleci\u00f3 en Cl\u00ednica Saladillo el cura p\u00e1rroco de Saladillo el Reverendo Padre Antonio Salvador Gradoazo. Sus restos fueron velados durante toda la noche en el templo parroquial. El mi\u00e9rcoles 5 de noviembre a las 10 horas se rez\u00f3 misa de cuerpo presente a cargo del Obispo de la Di\u00f3cesis de Azul Mons. Manuel Salaberry concelebrada con sacerdotes de las distintas parroquias de la di\u00f3cesis, y sus restos recibieron sepultura en el cementerio local. La bandera nacional en el m\u00e1stil de la Plaza Principal permaneci\u00f3 a media asta. Se decretaron tres d\u00edas de duelo en el partido de Saladillo, 5, 6 y 7 de noviembre.<\/p>\n<p>&nbsp;<\/p>\n","protected":false},"excerpt":{"rendered":"<p class=\"more-link-p\"><a class=\"more-link\" href=\"https:\/\/acasaladillo.com.ar\/?page_id=14388\">Read more &rarr;<\/a><\/p>\n","protected":false},"author":3,"featured_media":14389,"parent":0,"menu_order":0,"comment_status":"closed","ping_status":"open","template":"","meta":{"_monsterinsights_skip_tracking":false,"footnotes":""},"class_list":["post-14388","page","type-page","status-publish","has-post-thumbnail","hentry"],"aioseo_notices":[],"_links":{"self":[{"href":"https:\/\/acasaladillo.com.ar\/index.php?rest_route=\/wp\/v2\/pages\/14388","targetHints":{"allow":["GET"]}}],"collection":[{"href":"https:\/\/acasaladillo.com.ar\/index.php?rest_route=\/wp\/v2\/pages"}],"about":[{"href":"https:\/\/acasaladillo.com.ar\/index.php?rest_route=\/wp\/v2\/types\/page"}],"author":[{"embeddable":true,"href":"https:\/\/acasaladillo.com.ar\/index.php?rest_route=\/wp\/v2\/users\/3"}],"replies":[{"embeddable":true,"href":"https:\/\/acasaladillo.com.ar\/index.php?rest_route=%2Fwp%2Fv2%2Fcomments&post=14388"}],"version-history":[{"count":1,"href":"https:\/\/acasaladillo.com.ar\/index.php?rest_route=\/wp\/v2\/pages\/14388\/revisions"}],"predecessor-version":[{"id":14390,"href":"https:\/\/acasaladillo.com.ar\/index.php?rest_route=\/wp\/v2\/pages\/14388\/revisions\/14390"}],"wp:featuredmedia":[{"embeddable":true,"href":"https:\/\/acasaladillo.com.ar\/index.php?rest_route=\/wp\/v2\/media\/14389"}],"wp:attachment":[{"href":"https:\/\/acasaladillo.com.ar\/index.php?rest_route=%2Fwp%2Fv2%2Fmedia&parent=14388"}],"curies":[{"name":"wp","href":"https:\/\/api.w.org\/{rel}","templated":true}]}}

<p><a href="http://acasaladillo.com.ar/wp-content/uploads/2016/06/padrre-antonio.jpg"><img loading="lazy" decoding="async" class="alignnone size-full wp-image-14389" src="http://acasaladillo.com.ar/wp-content/uploads/2016/06/padrre-antonio.jpg" alt="padrre antonio" width="120" height="158" data-id="14389" /></a></p>
<p><!--more-->Antonio Gradoazzo nació en 25 de Mayo, pero fue durante mas de cincuenta años  párroco en la Iglesia Nuestra Señora de la Asunción de Saladillo. Ordenado sacerdote en 1954, es el cura párroco de Saladillo desde el 8 de abril de 1961. Casi toda su vida pastoral dedicada a la atención de los fieles de Saladillo. Fue declarado Ciudadano Ilustre el 31 de julio de 1994.</p>
<p>( transcripción de la publicación»Un pueblo, una fe, un pastor. Saladillo, el cristianismo, el padre Antonio», editado en enero de 2005 por la Comisión Económica Parroquial de la Parroquia Nuestra Señora de la Asunción de Saladillo)</p>
<p>Hijo de Antonio Gradoazo y Francisca Trezza, nació en 25 de Mayo el 10 de junio de 1930. Cursó los estudios primarios en la Escuela Nº 4, de ese distrito. Siendo un adolescente, el 13 de marzo de 1943 ingresó en el Seminario menor. A los dieciocho años hizo su entrada en el Seminario Mayor. El 18 de septiembre de 1954, en el pueblo que lo vio nacer recibió el sacramento del Orden Sagrado. Su alegría se irradió entre los presentes. El Señor lo había llamado por su nombre, él con mucho gozo y fe estuvo dispuesto a cumplir su voluntad.<br />
Su primer destino fue Azul y desde el 8 de abril de 1961 está en Saladillo.<br />
Aquí en nuestro pueblo vive su sacerdocio con la certeza que éste «uno de los medios por los cuales Cristo no cesa de constuir y conducir a su Iglesia».<br />
«En el servicio eclesial del ministerio ordenado es Cristo mismo quien está presente en su Iglesia como cabeza de su cuerpo, pastor de su rebaño, sumo sacerdote del sacrificio redentor, Maestro de la humanidad. «Esta función que el Señor confió a los pastores de su pueblo, es un verdadero servicio.»<br />
El padre Antonio es generoso en su entrega, por ello todos gozamos de los beneficios de un pastoreo que nos acerca cada día más a Cristo, nos permite conocer mejor al Padre y nos ayuda a descubrir los dones del Espíritu. Por todo esto la feligresía de Saladillo ha tratado de demostrar cuanto lo quiere, al celebrar sus bodas de oro sacerdotales.<br />
En su larga y fecunda trayectoria como cura párroco hubieron muchas realizaciones. A continuación presentaremos, sintéticamente, las capillas y actividades que se realizan en ellas actualmente.<br />
Las capillas han sido creadas en respuesta a una necesidad de encuentro con los hermanos, para orar juntos, alabar, darle gracias y peticionar al Dios, Uno y Trino. Las precedieron oratorios y ermitas privadas en distintas estancias de nuestro sector rural y la capilla del Colegio «El Niño Jesús».</p>
<p>Capillas existentes a la llegada del padre Antonio:<br />
Niño Jesús, Madre Purísima (Parroquia de Del Carril), Luján (Alvarez de Toledo) y Fátima.</p>
<p>Capillas creadas durante el curato del padre Antonio:<br />
El Carmen (16/07/61); San Antonio (13/08/61); Santa Cruz de La Barrancosa (1963); San José de El Mangrullo; Sagrada Familia de Reynoso (1970); Nuestra Señora del Perpetuo Socorro de Polvaredas (1973); Maria Inmaculada (1982); Nuestra Señora de Lourdes (1988); San José (30/08/92); Nuestra Señora de Luján (31/07/97); San Cayetano (30/04/00); San Vicente (01/10/00); Cristo Rey (2000).</p>
<p>Centros:<br />
Santa Rita (1965); San Isidro Labrador (1988); Santa Catalina de Alejandría (1988)</p>
<p><strong>Su fallecimiento:</strong> El martes 4 de noviembre de 2014 a las 18.30 horas falleció en Clínica Saladillo el cura párroco de Saladillo el Reverendo Padre Antonio Salvador Gradoazo. Sus restos fueron velados durante toda la noche en el templo parroquial. El miércoles 5 de noviembre a las 10 horas se rezó misa de cuerpo presente a cargo del Obispo de la Diócesis de Azul Mons. Manuel Salaberry concelebrada con sacerdotes de las distintas parroquias de la diócesis, y sus restos recibieron sepultura en el cementerio local. La bandera nacional en el mástil de la Plaza Principal permaneció a media asta. Se decretaron tres días de duelo en el partido de Saladillo, 5, 6 y 7 de noviembre.</p>
<p>&nbsp;</p>
