{"id":103,"date":"2014-10-18T23:54:44","date_gmt":"2014-10-18T23:54:44","guid":{"rendered":"http:\/\/acasaladillo.com.ar\/?page_id=103"},"modified":"2016-07-05T17:14:01","modified_gmt":"2016-07-05T20:14:01","slug":"polvaredas","status":"publish","type":"page","link":"https:\/\/acasaladillo.com.ar\/?page_id=103","title":{"rendered":"Polvaredas"},"content":{"rendered":"<p><iframe loading=\"lazy\" style=\"border: 0;\" src=\"https:\/\/www.google.com\/maps\/embed?pb=!1m17!1m11!1m3!1d533246.5692755276!2d-59.49941447428201!3d-35.571675553474336!2m2!1f0!2f0!3m2!1i1024!2i768!4f13.1!3m3!1m2!1s0x95bdeb72a01872f9%3A0x61e88e30f26cadb3!2sPolvaredas%2C+Buenos+Aires!5e1!3m2!1ses!2sar!4v1413726635022\" width=\"400\" height=\"300\" frameborder=\"0\"><\/iframe><\/p>\n<p>El 17 de marzo de 1912 se inaugur\u00f3 la l\u00ednea de trocha angosta de Ferrocarril Provincial Buenos Aires que desde La Plata llegaba a Mira Pampa, al l\u00edmite con la provincia de La Pampa. La se\u00f1ora Ofelia Del Carril de Lagos, heredera de V\u00edctor Del Carril, don\u00f3 las tierras para la l\u00ednea f\u00e9rrea y se llam\u00f3 \u201cPolvaredas\u201d a la estaci\u00f3n ferroviaria.<\/p>\n<p>WEB: <a href=\"http:\/\/www.polvaredasba.com.ar\">http:\/\/www.polvaredasba.com.ar<\/a><\/p>\n<p><a href=\"http:\/\/acasaladillo.com.ar\/wp-content\/uploads\/2014\/10\/imagen-polvaredas.jpg\"><img loading=\"lazy\" decoding=\"async\" class=\"alignnone size-medium wp-image-212\" src=\"http:\/\/acasaladillo.com.ar\/wp-content\/uploads\/2014\/10\/imagen-polvaredas-300x198.jpg\" alt=\"imagen polvaredas\" width=\"300\" height=\"198\" data-id=\"212\" \/><\/a><\/p>\n<p>FACEBOOK: <a href=\"https:\/\/www.facebook.com\/soy.polvaredense\">https:\/\/www.facebook.com\/soy.polvaredense<\/a><\/p>\n<h4>Centenario de Polvaredas 17 de marzo de 2012<\/h4>\n<p>La Noche de las Velas<\/p>\n<p><a href=\"https:\/\/www.youtube.com\/watch?v=7uXC3EIQXGg\">https:\/\/www.youtube.com\/watch?v=7uXC3EIQXGg<\/a><\/p>\n<p>Reconociemtos<\/p>\n<p><a href=\"https:\/\/www.youtube.com\/watch?v=m6I8gg1SPoQ\">https:\/\/www.youtube.com\/watch?v=m6I8gg1SPoQ<\/a><\/p>\n<p>Desfile, Pericon y Los Alonsitos<\/p>\n<p><a href=\"https:\/\/www.youtube.com\/watch?v=xPxoJnRZ2K0#t=43\">https:\/\/www.youtube.com\/watch?v=xPxoJnRZ2K0#t=43<\/a><\/p>\n<h1><\/h1>\n<h4>Encuentro Escuela 13 Polvaredas 07-10-2012<\/h4>\n<p><a href=\"https:\/\/www.youtube.com\/watch?v=gFdqVAZuIsg\">https:\/\/www.youtube.com\/watch?v=gFdqVAZuIsg<\/a><\/p>\n","protected":false},"excerpt":{"rendered":"<p>El 17 de marzo de 1912 se inaugur\u00f3 la l\u00ednea de trocha angosta de Ferrocarril Provincial Buenos Aires que desde La Plata llegaba a Mira Pampa, al l\u00edmite con la provincia de La Pampa. La se\u00f1ora Ofelia Del Carril de&hellip;<\/p>\n<p class=\"more-link-p\"><a class=\"more-link\" href=\"https:\/\/acasaladillo.com.ar\/?page_id=103\">Read more &rarr;<\/a><\/p>\n","protected":false},"author":1,"featured_media":0,"parent":0,"menu_order":0,"comment_status":"closed","ping_status":"open","template":"","meta":{"_monsterinsights_skip_tracking":false,"footnotes":""},"class_list":["post-103","page","type-page","status-publish","hentry"],"aioseo_notices":[],"_links":{"self":[{"href":"https:\/\/acasaladillo.com.ar\/index.php?rest_route=\/wp\/v2\/pages\/103","targetHints":{"allow":["GET"]}}],"collection":[{"href":"https:\/\/acasaladillo.com.ar\/index.php?rest_route=\/wp\/v2\/pages"}],"about":[{"href":"https:\/\/acasaladillo.com.ar\/index.php?rest_route=\/wp\/v2\/types\/page"}],"author":[{"embeddable":true,"href":"https:\/\/acasaladillo.com.ar\/index.php?rest_route=\/wp\/v2\/users\/1"}],"replies":[{"embeddable":true,"href":"https:\/\/acasaladillo.com.ar\/index.php?rest_route=%2Fwp%2Fv2%2Fcomments&post=103"}],"version-history":[{"count":7,"href":"https:\/\/acasaladillo.com.ar\/index.php?rest_route=\/wp\/v2\/pages\/103\/revisions"}],"predecessor-version":[{"id":311,"href":"https:\/\/acasaladillo.com.ar\/index.php?rest_route=\/wp\/v2\/pages\/103\/revisions\/311"}],"wp:attachment":[{"href":"https:\/\/acasaladillo.com.ar\/index.php?rest_route=%2Fwp%2Fv2%2Fmedia&parent=103"}],"curies":[{"name":"wp","href":"https:\/\/api.w.org\/{rel}","templated":true}]}}

<p><iframe loading="lazy" style="border: 0;" src="https://www.google.com/maps/embed?pb=!1m17!1m11!1m3!1d533246.5692755276!2d-59.49941447428201!3d-35.571675553474336!2m2!1f0!2f0!3m2!1i1024!2i768!4f13.1!3m3!1m2!1s0x95bdeb72a01872f9%3A0x61e88e30f26cadb3!2sPolvaredas%2C+Buenos+Aires!5e1!3m2!1ses!2sar!4v1413726635022" width="400" height="300" frameborder="0"></iframe></p>
<p>El 17 de marzo de 1912 se inauguró la línea de trocha angosta de Ferrocarril Provincial Buenos Aires que desde La Plata llegaba a Mira Pampa, al límite con la provincia de La Pampa. La señora Ofelia Del Carril de Lagos, heredera de Víctor Del Carril, donó las tierras para la línea férrea y se llamó “Polvaredas” a la estación ferroviaria.</p>
<p>WEB: <a href="http://www.polvaredasba.com.ar">http://www.polvaredasba.com.ar</a></p>
<p><a href="http://acasaladillo.com.ar/wp-content/uploads/2014/10/imagen-polvaredas.jpg"><img loading="lazy" decoding="async" class="alignnone size-medium wp-image-212" src="http://acasaladillo.com.ar/wp-content/uploads/2014/10/imagen-polvaredas-300x198.jpg" alt="imagen polvaredas" width="300" height="198" data-id="212" /></a></p>
<p>FACEBOOK: <a href="https://www.facebook.com/soy.polvaredense">https://www.facebook.com/soy.polvaredense</a></p>
<h4>Centenario de Polvaredas 17 de marzo de 2012</h4>
<p>La Noche de las Velas</p>
<p><a href="https://www.youtube.com/watch?v=7uXC3EIQXGg">https://www.youtube.com/watch?v=7uXC3EIQXGg</a></p>
<p>Reconociemtos</p>
<p><a href="https://www.youtube.com/watch?v=m6I8gg1SPoQ">https://www.youtube.com/watch?v=m6I8gg1SPoQ</a></p>
<p>Desfile, Pericon y Los Alonsitos</p>
<p><a href="https://www.youtube.com/watch?v=xPxoJnRZ2K0#t=43">https://www.youtube.com/watch?v=xPxoJnRZ2K0#t=43</a></p>
<h1></h1>
<h4>Encuentro Escuela 13 Polvaredas 07-10-2012</h4>
<p><a href="https://www.youtube.com/watch?v=gFdqVAZuIsg">https://www.youtube.com/watch?v=gFdqVAZuIsg</a></p>

<p>El 17 de marzo de 1912 se inauguró la línea de trocha angosta de Ferrocarril Provincial Buenos Aires que desde La Plata llegaba a Mira Pampa, al límite con la provincia de La Pampa. La señora Ofelia Del Carril de&hellip;</p>
<p class="more-link-p"><a class="more-link" href="https://acasaladillo.com.ar/?page_id=103">Read more &rarr;</a></p>
